{"id":71,"date":"2025-10-26T13:41:15","date_gmt":"2025-10-26T13:41:15","guid":{"rendered":"https:\/\/nifty-booth.141-94-251-120.plesk.page\/?post_type=product&#038;p=71"},"modified":"2026-02-28T11:44:20","modified_gmt":"2026-02-28T11:44:20","slug":"ourson","status":"publish","type":"product","link":"https:\/\/nifty-booth.141-94-251-120.plesk.page\/index.php\/produit\/ourson\/","title":{"rendered":"Petit Flocon"},"content":{"rendered":"<p>Cet ourson <strong>r\u00e9confortant <\/strong>de 30cm assis,\u00a0aussi bien par sa forme que par la <strong>douceur<\/strong> de la <strong>laine tricot\u00e9<\/strong> \u00e0 la <b>main<\/b>.<\/p>\n<p>La peluche a n\u00e9cessit\u00e9e un temps de travail de 14 heures\u2026<\/p>\n<p>Nous utilisons exclusivement de la\u00a0laine de qualit\u00e9 sup\u00e9rieure,<\/p>\n<p>les yeux sont fixes fabriqu\u00e9es en plastique ( <em>TPU <\/em>) avec s\u00e9curit\u00e9 anti d\u00e9tachement.<\/p>\n<p><em>Conseils d\u2019entretien :\u00a0<\/em><\/p>\n<ul>\n<li>Lavage \u00e0 la machine \u00e0 30 degr\u00e9s \u2013 <em>programme d\u00e9licat<\/em><\/li>\n<li>Pas de s\u00e8che linge<\/li>\n<\/ul>\n","protected":false},"excerpt":{"rendered":"<p>&nbsp;<\/p>\n<h3 data-start=\"162\" data-end=\"225\"><strong data-start=\"166\" data-end=\"225\">L\u2019histoire de <em data-start=\"182\" data-end=\"223\">Petit Flocon, le Doudou Qui Apaise Tout<\/em><\/strong><\/h3>\n<p data-start=\"227\" data-end=\"498\">Dans un panier de pelotes pastel, juste l\u00e0 o\u00f9 la laine devient aussi l\u00e9g\u00e8re qu\u2019un souffle d\u2019hiver, est n\u00e9 un petit doudou tout blanc et gris.<br data-start=\"368\" data-end=\"371\" \/>On l\u2019a appel\u00e9 <strong data-start=\"385\" data-end=\"401\">Petit Flocon<\/strong>, parce qu\u2019il semble fabriqu\u00e9 avec la m\u00eame d\u00e9licatesse qu\u2019une neige fra\u00eeche.<\/p>\n<p data-start=\"1434\" data-end=\"1529\"><strong data-start=\"1434\" data-end=\"1529\">Petit Flocon : un doudou tout en tendresse, n\u00e9 pour apporter du calme et des instants doux.<\/strong><\/p>\n","protected":false},"featured_media":127,"comment_status":"closed","ping_status":"closed","template":"","meta":[],"product_brand":[],"product_cat":[17,18],"product_tag":[],"class_list":{"0":"post-71","1":"product","2":"type-product","3":"status-publish","4":"has-post-thumbnail","6":"product_cat-doudou","7":"product_cat-oursons","9":"first","10":"instock","11":"shipping-taxable","12":"purchasable","13":"product-type-simple"},"_links":{"self":[{"href":"https:\/\/nifty-booth.141-94-251-120.plesk.page\/index.php\/wp-json\/wp\/v2\/product\/71","targetHints":{"allow":["GET"]}}],"collection":[{"href":"https:\/\/nifty-booth.141-94-251-120.plesk.page\/index.php\/wp-json\/wp\/v2\/product"}],"about":[{"href":"https:\/\/nifty-booth.141-94-251-120.plesk.page\/index.php\/wp-json\/wp\/v2\/types\/product"}],"replies":[{"embeddable":true,"href":"https:\/\/nifty-booth.141-94-251-120.plesk.page\/index.php\/wp-json\/wp\/v2\/comments?post=71"}],"wp:featuredmedia":[{"embeddable":true,"href":"https:\/\/nifty-booth.141-94-251-120.plesk.page\/index.php\/wp-json\/wp\/v2\/media\/127"}],"wp:attachment":[{"href":"https:\/\/nifty-booth.141-94-251-120.plesk.page\/index.php\/wp-json\/wp\/v2\/media?parent=71"}],"wp:term":[{"taxonomy":"product_brand","embeddable":true,"href":"https:\/\/nifty-booth.141-94-251-120.plesk.page\/index.php\/wp-json\/wp\/v2\/product_brand?post=71"},{"taxonomy":"product_cat","embeddable":true,"href":"https:\/\/nifty-booth.141-94-251-120.plesk.page\/index.php\/wp-json\/wp\/v2\/product_cat?post=71"},{"taxonomy":"product_tag","embeddable":true,"href":"https:\/\/nifty-booth.141-94-251-120.plesk.page\/index.php\/wp-json\/wp\/v2\/product_tag?post=71"}],"curies":[{"name":"wp","href":"https:\/\/api.w.org\/{rel}","templated":true}]}}